1 - (18 - (2 + 6)).
-6
What is the value of (-1 - 0) + 2 + -7 + 9?
3
What is the value of 4 - (2 + 2 + -1) - 4?
-3
What is the value of -1 - -10 - (-13 + 22)?
0
What is -4 + (-3 - -9) + 1?
3
Calculate 1 - 3 - (25 + -25).
-2
Calculate 14 + -19 - ((0 - 0) + 0).
-5
What is 2 + (12 - 1) - (-27 + 33)?
7
What is (-3 - -2 - 2) + (1 - -2)?
0
What is 1 + (24 - 16 - (2 + 3))?
4
-7 + (2 - -4) - (10 - 8)
-3
What is -3 - 1 - (-4 + -4 + 12)?
-8
What is the value of 7 + -10 - (4 - 3) - -7?
3
(-1 - 3 - (0 + -6)) + -6
-4
What is the value of (-16 + 8 - -7) + -1 + 2?
0
Calculate -6 + -1 + (-1 - 5) + 5.
-8
Evaluate (11 - (0 - 0 - -8)) + -9.
-6
0 + 2 + 1 - 7
-4
Evaluate 2 - (3 + -3) - 1.
1
Evaluate -11 - (10 + 13 + -30).
-4
What is -4 - (-3 + (-2 - -6))?
-5
Evaluate -4 - -1 - -1 - (-11 - -12).
-3
(0 + 2 - (3 + -1)) + 2
2
Calculate 55 + -61 + -2 + (7 - -1).
0
What is 4 - 4 - 3 - -4?
1
Calculate -12 + 4 + 4 - -7.
3
What is the value of -2 - -7 - (24 - 21)?
2
Calculate (-4 - 0 - -6) + -9.
-7
4 + -1 - (1 + 5 + -1)
-2
Calculate 3 - (7 + 2) - -4.
-2
What is the value of (9 - 7) + (-7 - -1 - -3)?
-1
Calculate -17 + -3 + 8 + 5.
-7
Evaluate -9 - 6 - -2 - -7.
-6
What is the value of 2 + (0 - (6 + -1))?
-3
-5 - -9 - (-1 + 4 - 0)
1
Calculate (-21 - (7 + -10)) + 7.
-11
What is (1 - 2) + 10 + 1 + -5?
5
Calculate -32 + 30 + (1 - 7).
-8
-5 - ((7 - 3) + -7 + -1)
-1
Calculate (4 - 3 - -2) + 26 + -31.
-2
Evaluate -5 + -3 + 12 + -9.
-5
Calculate 3 - (-4 - (4 + -2 - 4)).
5
Calculate (5 - (-7 + 6) - 1) + -7.
-2
What is -3 + (7 - 4) + 3 + 3?
6
What is the value of 0 + (2 + 3 + 0 - 4)?
1
-2 + -3 + 10 + -2
3
Evaluate -13 + 13 - (-2 + (4 - 9)).
7
Evaluate 8 - 1 - (-4 + 6).
5
What is 1 + 5 - 2 - 5?
-1
What is the value of 1 - (-2 - 0) - 0?
3
-2 + (-1 - 1 - (-25 + 29))
-8
6 + -3 + 4 + -4
3
What is the value of 1 + 1 + (3 - (4 - -1))?
0
Evaluate -10 - (0 + -5) - (-5 + 1).
-1
Evaluate 1 - (14 - 17) - (15 - 1).
-10
Evaluate -4 - (1 + 1 + -3).
-3
What is -1 - -3 - (16 + -11)?
-3
What is -2 + 8 + (10 - 13)?
3
What is -2 + -6 - (8 + -17)?
1
Evaluate -8 - (-23 + 18 - (-1 - 0)).
-4
-4 + (1 - 2) + 11 + -1
5
Evaluate -10 - (13 - 39 - -13).
3
What is 8 - (8 - (0 + -5 + 9))?
4
0 - (-1 + (-3 - 1))
5
(0 - 8) + -4 + 8
-4
Evaluate -10 - -19 - 15 - -11.
5
Calculate -2 + 5 - (7 - 7).
3
What is the value of -3 - -3 - -3 - (17 + -10)?
-4
Calculate -1 + 1 + (1 - (2 - -3)).
-4
-7 + 4 + (0 - 1)
-4
6 - (5 + (-7 - 0)) - 0
8
Evaluate (1 - 5 - 1 - -5) + -3.
-3
13 - (-1 + 3 + 6)
5
What is the value of (12 - 5) + -4 - 0?
3
2 + 0 + -3 - (-1 - 1)
1
7 + (1 - (11 - 8))
5
What is (4 + 0 - 3) + -4?
-3
What is -3 + -5 + (3 - (5 + -6))?
-4
What is the value of 0 + 1 - -3 - (-2 + 3)?
3
Calculate 5 - (-4 + 5 - -11).
-7
Evaluate 3 + -3 - (8 - 9).
1
-1 - ((2 - 0) + -6)
3
Calculate -2 + 9 + -4 + -1.
2
2 + (4 - 5) + 4
5
Calculate 2 + 0 + 16 + 1 + -14.
5
Calculate 2 + (-3 - (2 + -6 + 2)).
1
Calculate -2 + -5 + -9 - (-5 - 2).
-9
(3 - -3) + -5 + 3 + 0
4
(-4 - -10 - 7) + 1
0
Calculate 5 + -3 - (1 - -2).
-1
Evaluate 1 + 7 + -8 - -8.
8
What is the value of -3 + (-1 - -3) - -4?
3
(3 - 2 - (7 + -6)) + 1
1
What is the value of -3 - (2 - (-1 - (0 + 4)))?
-10
What is the value of 0 + 0 + (2 - -4)?
6
What is the value of (-2 - -3) + 5 + -6 + -7?
-7
-9 + 7 + (-3 - -8)
3
What is the value of 151 + -155 - (-7 + 0 + 1)?
2
Calculate (2 - 1) + -3 + -1 + 7.
4
Calculate -2 + 0 + 1 + -9 + 9.
-1
(-1 + 12 - 5) + -3
3
Calculate 1 + -4 + (-9 - -10).
-2
What is (-3 - -1) + 3 - 3?
-2
What is -37 - -33 - (-2 - (-5 - -3))?
-4
What is the value of -4 + 3 + 6 + -2?
3
What is the value of -2 - (-6 + -4) - 5?
3
Calculate 7 - (-1 + -3 + 6 + 1).
4
Evaluate 10 + -26 + (6 - -3).
-7
(5 - 0) + 10 + 10 + -24
1
Evaluate 1 + -2 + (-2 - 1) - 0.
-4
Evaluate (-3 + 4 - 2) + 0.
-1
0 + -1 + 1 - (-19 + 24)
-5
Calculate -2 + (19 + -13 - 8).
-4
What is the value of 22 - 18 - (10 - 0)?
-6
What is the value of (-11 - -4) + 6 - -4?
3
What is -6 + -1 + (3 - 4) + 2?
-6
-7 + (8 + -4 - 0)
-3
(3 - 1) + -9 - -12
5
Evaluate 10 + (-4 - 9) - 1.
-4
Evaluate 1 + -2 + -1 + -11 + 15.
2
What is the value of -1 + -1 - (-13 + (0 - -18))?
-7
Calculate -2 - (-2 + 4 + 2).
-6
Calculate -7 - (-8 - (2 + -3)).
0
What is the value of (-1 - -3) + (-8 + 4 - 0)?
-2
-3 + (1 - 1 - (-7 - -4))
0
Calculate -2 - (-13 + 4) - 0.
7
What is the value of (-3 - -15) + -6 - 8?
-2
Evaluate -6 + (-20 - -24) + (-2 - 5).
-9
-1 - (1 - 6) - (-3 + 2)
5
What is the value of 7 - 3 - (-6 - (-12 + 5))?
3
Calculate 0 + (-2 + -1 - -7) + -10.
-6
What is -11 + (-1 - -1) - (76 + -81)?
-6
What is -3 - (3 + (4 - 6))?
-4
Calculate 0 + -3 + (9 - 7) - -1.
0
(2 - 0) + (5 - 1 - 1)
5
Evaluate 1 + 8 - 8 - 6.
-5
Evaluate -3 + 0 + 5 + 0.
2
Evaluate (3 + -1 - 1) + 3 + 1.
5
Calculate 6 + -14 + (3 - (-3 + 0)).
-2
What is the value of (8 - 1) + 130 + -146?
-9
Evaluate 2 - -7 - (0 - -2).
7
Evaluate 3 - (7 - (5 + 3)).
4
What is -2 + 2 + -5 + 10?
5
What is the value of 1 + 6 + -2 + 0?
5
What is 7 - (9 - 6 - (-7 + 0))?
-3
What is -1 + (-3 - (4 + -7))?
-1
31 - 28 - (2 - (5 + -2))
4
Calculate -6 + 10 + -9 - -14.
9
-2 - -3 - (-1 + -3 + 3)
2
Evaluate -5 - (-5 - -4 - (5 + 3)).
4
Calculate 5 + (-12 + 14 - (4 + 2)).
1
Calculate 1 + (3 - -1 - 5) + -4.
-4
-1 - (-14 - (-9 + (3 - 0)))
7
What is the value of (-7 - -3) + 4 + -2 + 3?
1
-2 + 3 + 1 + -3
-1
What is -11 + 12 - (-1 + 5)?
-3
What is (1 - 0) + -3 - (0 + -1)?
-1
Calculate 1 + 1 + 1 + (-2 - 3).
-2
Calculate 12 + (1 - 8 - 1).
4
-2 - ((4 - 3 - 2) + 1)
-2
What is 4 - 0 - (5 + 1)?
-2
Calculate 4 + (-7 - -11) + -2.
6
What is the value of 1 - (13 - 7) - -6?
1
What is the value of 2 + (-5 - -9) - 10?
-4
-8 + (19 - 6 - 10)
-5
Evaluate -2 + (0 - -1 - 2) - -4.
1
What is the value of (0 - -8) + (0 - 4)?
4
What is the value of -3 - ((-1 - (1 - -5)) + 4)?
0
1 + 1 + 1 - 3 - 1
-1
What is (-6 - (2 + -4)) + 10 + -4?
2
What is -1 + 0 + (0 - 5) + 4?
-2
Evaluate -5 + 0 + -1 + 4.
-2
Calculate (-144 - -134) + 10 + 0.
0
(2 - 1 - (-9 + 12)) + 3
1
Evaluate 0 + (-1 - (-6 + -2 + 4)).
3
What is the value of 5 - (1 + 1 + 4 - 1)?
0
What is 0 + 6 - (-4 - (12 - 16))?
6
Calculate (-4 - -4) + -3 - -6.
3
What is 0 - -8 - (9 + -6 + 0)?
5
What is 12 + -3 - 3 - (41 + -45)?
10
Evaluate (7 - (6 + 7) - -7) + -6.
-5
What is the value of 1 - 5 - (0 + -5) - -1?
2
What is 1 + 4 + -3 + (-1 - 0)?
1
-3 - (9 + -6 + -10)
4
Calculate (2 + -1 - 7) + -2 - -4.
-4
What is 8 + (5 - 11) + (0 - -3)?
5
What is (-6 - (8 + -1)) + 21?
8
What is the value of 1 - 0 - (-9 + 14)?
-4
Calculate (-2 - (3 + -3) - -2) + 4.
4
-5 + 1 + (-8 - -4 - -3)
-5
What is the value of (-1 - 6) + (5 - 0) + -3?
-5
0 + (-7 - -1 - -5)
-1
3 + -5 + (-1 - -8) + -6
-1
(-7 - -1) + 5 + -6 + 3
-4
Evaluate (-3 - (-8 + -4)) + -6.
3
-7 + -12 - (3 - 14)
-8
Calculate -1 - (3 - (4 - (-3 + 5))).
-2
Evaluate 3 - (-7 + 7 - -5).
-2
What is the value of (2 - -2) + -2 + -3?
-1
0 + -1 + 17 + -21 - -10
5
Calculate -5 + (2 - 14 - -12).
-5
Evaluate -11 + 5 + 7 + -10.
-9
4 - (10 - 3 - 0)
-3
Calculate -1 - 0 - (-3 + -1 - -8).
-5
Calculate 8 + 2 + -5 - 8.
-3
What is the value of -12 - (-5 + (-3 - 5))?
1
Calculate 3 + (1 - (-9 - -5)) + -3.
5
Calculate (6 - 14 - -5) + (-1 - -7).
3
Calculate -35 - -35 - (-5 + 1).
4
What is the value of -1 + 7 - (9 + -5 + 0)?
2
What is the value of 5 + (-6 - -4) + -6?
-3
What is the value of 16 + (7 - 22) - (3 - 0)?
-2
Calculate -8 + 13 + (-15 - -6).
-4
Calculate (-3 - -10) + -11 - (-1 + 1).
-4
What is (-1 - -1 - (9 + -3)) + 3?
-3
Calculate -7 + 0 + (16 - (13 - -6)).
-10
What is the value of (-1 - -4) + 1 + 23 + -22?
5
What is 9 + 4 + -13 + (-6 - -1)?
-5
Calculate 0 - -13 - (3 - (-10 + 7)).
7
What is 1 - (3 + 0 - (38 + -46))?
-10
(-3 - -9) + (6 - 3 - 6)
3
4 + -2 + -1 + 8 + -4
5
What is the value of (-1 - -1) + (0 - 0)?
0
0 + 1 + -5 + 2
-2
1 - (15 - (6 - -4))
-4
Evaluate 1 + (-8 - -4) + 3.
0
What is the value of (6 - (5 + -5)) + -7?
-1
What is the value of -2 + 7 - 2 - (0 - 1)?
4
Calculate -2 + (-4 - (0 + (-10 - -2))).
2
Evaluate 5 + -1 + (4 - (12 + -5)).
1
What is -10 - (6 - (16 + -4))?
-4
What is the value of 1 + 2 - (40 + -42)?
5
What is the value of -4 + 4 - (1 + -1)?
0
-10 + 12 + -2 + -2
-2
-4 + -1 + 1 + -1 - -5
0
Calculate (-2 - (-1 - 0)) + 68 + -65.
2
What is the value of -2 + -1 + 2 + 1?
0
What is 91 - 87 - (2 + 1 + 1)?
0
Calculate 12 - 6 - (2 - (-1 + -9)).
-6
What is 4 - (0 - (6 - 2) 